n?
2, 383
Let p(g) = 77*g - 5. Suppose -4*k + 13 = 5. What are the prime factors of p(k)?
149
Let r(x) = x**3 - 7*x**2 - 2*x + 19. Let w be r(6). Let a = 57 + w. What are the prime factors of a?
2, 7
Suppose -207 = -2*c + 141. Let z = c + -97. List the prime factors of z.
7, 11
Let i(v) = -v**2 - 5*v + 8. Let l be i(-7). Let w be l/(0 + -2) - 3. What are the prime factors of (-1)/(w + 3/(-66))?
2, 11
Suppose m = 16 - 2. Let s(i) = 20*i - 8. Let v be s(2). Let j = v - m. What are the prime factors of j?
2, 3
Let s = -597 + 1074. List the prime factors of s.
3, 53
Suppose -42 = -25*b + 18*b. Suppose -b*c + 150 = -c. What are the prime factors of c?
2, 3, 5
Let w(m) = -m + 1. Let d(x) = 3*x + 6. Let n(a) = -d(a) + 5*w(a). List the prime factors of n(-2).
3, 5
Let h(v) be the first derivative of -v**4/4 - 5*v**3/3 + v**2/2 + 2*v - 1. Let a be h(-6). List the prime factors of a/(-2)*(0 + -2).
2
What are the prime factors of ((-994)/(-21))/((-3)/(-90))?
2, 5, 71
Let p be (-3)/2*372/(-9). Suppose d - p = -d. Let h = d - 11. List the prime factors of h.
2, 5
Let q = -6 - -6. Suppose -p + r = -8, 3*r = -q*r + 3. Let c(h) = h**3 - 8*h**2 - 3*h. What are the prime factors of c(p)?
2, 3
Let f = -516 - -852. List the prime factors of f.
2, 3, 7
Let p = 0 + 23. Let c = p + -18. Suppose -2*f - f - c*w = -77, -w = -4*f + 118. What are the prime factors of f?
29
Suppose -13*l = -199 - 334. What are the prime factors of l?
41
List the prime factors of 1*(-574)/(-2) - (-13 + 12).
2, 3
Let m = -807 + 1256. What are the prime factors of m?
449
Suppose 3*i - 4 - 2 = 3*j, j + 8 = 3*i. Suppose -4*v = t - i, -28 = -4*v + 3*t + t. Suppose -v = w - 4. List the prime factors of w.
2
Let v = 2985 - 1795. Suppose 4*y + 4*h = y + 718, 5*y + 5*h - v = 0. List the prime factors of y.
2, 3, 13
Suppose -4*h - 10 = -m, -7*m + 2*m - 4*h + 146 = 0. Suppose -392 = 7*k - 11*k. Suppose k - m = 3*t. List the prime factors of t.
2, 3
Let u be ((-3)/(-2))/((-3)/6). Let j be (-50)/(-3) + (-1)/u. Let n = 31 - j. What are the prime factors of n?
2, 7
Suppose -4*g - 4*v + 3916 = 0, 17*g + 984 = 18*g + 2*v. What are the prime factors of g?
2, 487
List the prime factors of (-1750)/15*(-4 + -2).
2, 5, 7
Suppose 5*b - 29744 = -17*b. List the prime factors of b.
2, 13
What are the prime factors of (-2914 - -6)*-7*(-2)/(-8)?
7, 727
Let x(z) = -z**2 + 13*z - 14. Let p(k) = 3*k**2 - 38*k + 42. Let n(o) = 4*p(o) + 11*x(o). List the prime factors of n(9).
2, 7
Suppose -1665 = -2*g - 3*w, -3*g - 6*w + 7*w = -2525. List the prime factors of g.
2, 3, 5, 7
Let c be (-3)/9 + 145/3. Suppose 2*g + w = -c, -4*g - 2*w - 92 = w. Let l = 43 + g. What are the prime factors of l?
17
Let u(d) = 9*d + 10*d - 17 - 7*d. List the prime factors of u(6).
5, 11
List the prime factors of -1 + 137 + 2 + 2 + 1.
3, 47
Suppose -5*x = -3*w + 962, 3*w + 4*x = 1590 - 583. List the prime factors of w.
7, 47
Let u = -25 + 22. Let q be (2 + u)*(-16)/(-8). What are the prime factors of (-54)/q - (1 - -3)?
23
Let j be 1 + -3 + 0 + 2 + 15. Let k = j + -2. List the prime factors of k.
13
Let l = -20 - -20. Let n(m) = -8*m + 19. What are the prime factors of n(l)?
19
Suppose -5*f + 3*l - 7 = -f, 30 = 5*f + 4*l. Suppose 2*v - k = 2*k + 18, f*v = 4*k + 14. What are the prime factors of v?
3, 5
Suppose 46*m + 35488 = 54*m. List the prime factors of m.
2, 1109
Suppose -2*z - 5*a + a + 4 = 0, 0 = -4*z - 2*a + 20. Let t = 33 + z. What are the prime factors of t?
3, 13
Let f(z) = -42*z - 8. What are the prime factors of f(-9)?
2, 5, 37
Suppose 2*w - 3*w + 1 = 0. Let v = 60 + w. List the prime factors of v.
61
Let v(a) = a**3 - 5*a**2 - 15*a + 41. What are the prime factors of v(11)?
2, 7, 43
Suppose 2*f + 4*t - t + 1 = 0, 0 = 4*f + 4*t - 8. Suppose f*n = 2*n + 35. List the prime factors of n.
7
Suppose -z + 7*p = 4*p - 11, -2*z = 5*p + 33. Let j be 2/(-4)*z + 5. Suppose 3*d - 2*d + 4*y - 6 = 0, -j = -4*d + y. What are the prime factors of d?
2
Suppose n = -2*x + 600, -832 = -4*n - x + 1603. Suppose -7*m - 134 = -n. What are the prime factors of m?
2, 17
Let f(k) = 19*k - 7. List the prime factors of f(1).
2, 3
List the prime factors of 16/14*5964/24.
2, 71
Suppose 4*t + 5*g = 2*t, 0 = -5*t + g. Suppose t = -0*z + 3*z. List the prime factors of (-5 + 4 + z)*-51.
3, 17
Let v be 7/((-28)/(-32)) - 4. Suppose -2*a = -4*a + v. What are the prime factors of a?
2
Let d(p) be the first derivative of p**4/4 + 11*p**3/3 + 2*p**2 - 25*p - 16. List the prime factors of d(-8).
3, 5
Let f be (2 - 1)*101 - 2. Let o = f - 17. What are the prime factors of o?
2, 41
Let o = 213 - 22. Let n = -66 + o. What are the prime factors of n?
5
Let f = 12 + -16. Let x be 4/(0 - 3 - f). Suppose -x*r = -2*r - 54. What are the prime factors of r?
3
Let n be 2 - (-1 - (5 + 1)). Let t(h) = 2*h**2 + 12*h - 1 + 6*h**2 + 2 - h**3 + 0. What are the prime factors of t(n)?
2, 7
Let j(k) = k + 13. Let n be j(-5). Suppose 13 = 5*a + n. List the prime factors of (133 - a)*(-2)/(-4).
2, 3, 11
Let p = 43 - -69. Suppose -2*b + 3*o + p = -0*o, 0 = b - o - 56. List the prime factors of b.
2, 7
Suppose -3*c = l + 4*l - 1884, 0 = 4*c - l - 2535. List the prime factors of c.
3, 211
List the prime factors of ((-19024)/(-24))/(16/24).
29, 41
Let j be (-5 + (7 - 3))*2. Let b(q) = 30*q**2 + 2*q - 2. List the prime factors of b(j).
2, 3, 19
Let h = 1463 + -865. List the prime factors of h.
2, 13, 23
Suppose -4*g + 340 = -i, 4*g - 3*g = -3*i + 98. Let k = g + -60. Suppose -k = -3*m + 10. What are the prime factors of m?
2, 3
Let l(x) = x**3 - 9*x**2 + 11*x + 10. Let s be l(8). Suppose 0 = -s*a + 36*a - 128. What are the prime factors of a?
2
Let p = -1482 - -2368. What are the prime factors of p?
2, 443
Let p(r) = -r**3 - 2*r**2 + 5*r - 5. Let l(b) = -b**3 + 9*b**2 - 10*b + 11. Let x = 17 - 9. Let y be l(x). What are the prime factors of p(y)?
3, 5
Suppose -3*l = 5*i - 4079, -6*i + 11*i - 1363 = -l. List the prime factors of l.
2, 7, 97
Suppose 0 = 5*d - 15, -2*v + 3*d = -0*v - 585. List the prime factors of v.
3, 11
Suppose 0 = -9*q - 5*q + 8946. What are the prime factors of q?
3, 71
Suppose -1666 = 1975*d - 1992*d. What are the prime factors of d?
2, 7
Let u(c) = -11*c + 0*c**3 + 17 - 3*c**3 + 2 + 11*c**2 + 2*c**3. What are the prime factors of u(9)?
2, 41
List the prime factors of (9 - (-31717)/(-49))/((-4)/14).
2, 1117
List the prime factors of 0 - -1783 - (2 - 8).
1789
Suppose -2*k + 4*k - 8 = 0. List the prime factors of -2*(490/k)/(-5).
7
Let g = -6 - -8. Suppose 2*t - 490 = g*u - 7*u, 0 = u - 3*t - 81. Suppose -c + 5*d + u = 3*c, -2*c = -5*d - 58. List the prime factors of c.
19
Suppose -2*d + 4*a + 1262 = 0, 2*d + 3*a - 502 - 767 = 0. What are the prime factors of d?
3, 211
Suppose 0 = 2*k - j - 4, -3*k + 4*k - 2 = 2*j. Suppose 3*r - 675 = 3*w, 228 = r - 0*r - k*w. List the prime factors of r.
2, 3, 37
Suppose 2*x = 102 + 16. Let m = -6 + x. List the prime factors of m.
53
Suppose -w = 3*t - 0*w - 17, 22 = 4*t + w. Suppose 0 = -t*x + 190 + 275. List the prime factors of x.
3, 31
Let t be (-28)/6*(-27)/18. Suppose t*q + 664 = 15*q. List the prime factors of q.
83
Suppose -1 = -0*g + g, 3*z - g - 7 = 0. Suppose a = z*a - 2. Suppose -a*r + 3*d = -73 - 0, -4*r + d + 131 = 0. What are the prime factors of r?
2
Let q = 14 - 12. Let g(f) = 19*f - 8. List the prime factors of g(q).
2, 3, 5
Let y = -143 - -143. List the prime factors of 53/(y - (-3 - 15/(-6))).
2, 53
Suppose 26 - 22 = 4*j. What are the prime factors of j - (2 - 155) - (0 + -2)?
2, 3, 13
Suppose 3*l - 4*f = -2*l + 5265, -5*f = -4*l + 4212. List the prime factors of l.
3, 13
Let j(m) = 2*m + 21. Let u be j(-9). Suppose -u*z - 5*l + 422 = 0, 4 = -3*l - 11. List the prime factors of z.
149
Suppose -21*t = -3745 - 15491. List the prime factors of t.
2, 229
Let c(o) = 3 - o - 5 - o + 4. Suppose b - 3*k + 5*k + 8 = 0, -2 = 2*k. What are the prime factors of c(b)?
2, 7
Let i = 782 + -472. Suppose -r = 4*r - i. Let t = r - 9. List the prime factors of t.
53
Let f(c) = 10. Let o(u) = u + 9. Let n(i) = -4*f(i) + 3*o(i). What are the prime factors of n(8)?
11
Suppose 141*i = 148*i - 5852. What are the prime factors of i?
2, 11, 19
Let l(u) = 3*u**2 + 2*u + 3. Let n be -1*(3*-4)/(-2). List the prime factors of l(n).
3, 11
Suppose -f + 3*b 